3?
130
What is -4 (base 15) in base 11?
-4
What is -74 (base 16) in base 12?
-98
What is -11111 (base 2) in base 9?
-34
Convert 2a (base 13) to base 7.
51
Convert 13 (base 6) to base 15.
9
What is -6 (base 12) in base 10?
-6
Convert -1a0 (base 11) to base 14.
-127
Convert -143 (base 7) to base 8.
-120
What is 22 (base 9) in base 4?
110
Convert -9 (base 13) to base 2.
-1001
What is 0 (base 14) in base 7?
0
What is c (base 13) in base 4?
30
What is -8 (base 10) in base 14?
-8
Convert -1 (base 3) to base 14.
-1
-14 (base 12) to base 7
-22
221 (base 3) to base 6
41
-1c (base 15) to base 10
-27
-6 (base 14) to base 12
-6
Convert -425 (base 9) to base 2.
-101011011
Convert -243 (base 8) to base 16.
-a3
1 (base 16) to base 8
1
Convert -42 (base 11) to base 6.
-114
What is 2 (base 4) in base 15?
2
7 (base 12) to base 7
10
Convert 21 (base 15) to base 6.
51
14 (base 10) to base 9
15
Convert 22 (base 3) to base 10.
8
What is 112 (base 9) in base 14?
68
What is -1 (base 7) in base 11?
-1
What is -2 (base 10) in base 16?
-2
What is -12002 (base 3) in base 12?
-b5
What is -2 (base 8) in base 16?
-2
Convert 6 (base 11) to base 15.
6
What is -3 (base 12) in base 5?
-3
5 (base 8) to base 16
5
Convert -14 (base 7) to base 13.
-b
Convert -1011 (base 2) to base 5.
-21
Convert 5 (base 10) to base 16.
5
Convert -5 (base 15) to base 3.
-12
Convert 1032 (base 6) to base 11.
1a5
Convert 45 (base 13) to base 6.
133
25 (base 13) to base 3
1011
3 (base 12) to base 16
3
What is -2 (base 5) in base 15?
-2
What is 3 (base 13) in base 14?
3
What is 11 (base 6) in base 9?
7
-8 (base 15) to base 4
-20
-1420 (base 5) to base 10
-235
212 (base 7) to base 12
8b
What is -40 (base 9) in base 10?
-36
What is 3 (base 6) in base 7?
3
2 (base 4) to base 11
2
What is 2c (base 14) in base 7?
55
Convert 1011 (base 2) to base 4.
23
Convert 101000 (base 2) to base 10.
40
What is -23 (base 8) in base 12?
-17
16 (base 8) to base 12
12
What is -76 (base 9) in base 8?
-105
What is -15 (base 10) in base 11?
-14
What is 0 (base 2) in base 9?
0
What is 1 (base 2) in base 11?
1
Convert 2c (base 16) to base 6.
112
Convert 206 (base 10) to base 15.
db
6 (base 9) to base 2
110
Convert b7 (base 13) to base 7.
303
-3 (base 7) to base 15
-3
2 (base 15) to base 13
2
83 (base 9) to base 8
113
Convert -4 (base 13) to base 5.
-4
What is -11 (base 12) in base 7?
-16
What is -376 (base 8) in base 9?
-312
What is 22 (base 10) in base 4?
112
Convert -1a (base 15) to base 12.
-21
Convert 0 (base 8) to base 13.
0
What is 144 (base 6) in base 7?
121
Convert 36 (base 8) to base 3.
1010
-110 (base 6) to base 14
-30
What is 15 (base 7) in base 9?
13
Convert -22 (base 12) to base 6.
-42
Convert 45 (base 9) to base 8.
51
Convert -13 (base 9) to base 8.
-14
What is -3 (base 16) in base 2?
-11
Convert 1 (base 6) to base 16.
1
-118 (base 12) to base 13
-c8
What is 354 (base 6) in base 14?
a2
Convert -77 (base 8) to base 11.
-58
-1 (base 15) to base 14
-1
3a (base 12) to base 7
64
What is 28 (base 9) in base 13?
20
What is -5 (base 16) in base 7?
-5
What is 64 (base 9) in base 16?
3a
Convert -2 (base 6) to base 11.
-2
Convert -40 (base 6) to base 2.
-11000
What is -48 (base 12) in base 14?
-40
Convert -13 (base 14) to base 4.
-101
2a (base 16) to base 8
52
Convert 0 (base 2) to base 12.
0
-10 (base 3) to base 7
-3
3 (base 11) to base 4
3
Convert 212 (base 5) to base 3.
2010
23c (base 13) to base 12
285
Convert 210 (base 3) to base 9.
23
-110 (base 3) to base 15
-c
What is -221 (base 3) in base 14?
-1b
2022 (base 4) to base 2
10001010
What is -2 (base 5) in base 12?
-2
40 (base 8) to base 12
28
What is 10 (base 9) in base 6?
13
-213 (base 4) to base 16
-27
Convert -2 (base 6) to base 8.
-2
What is -1 (base 8) in base 11?
-1
What is -33 (base 4) in base 6?
-23
Convert 17 (base 12) to base 16.
13
-5 (base 10) to base 2
-101
-5 (base 11) to base 4
-11
Convert -a (base 16) to base 8.
-12
What is -11 (base 10) in base 3?
-102
What is -7 (base 12) in base 14?
-7
Convert 1011 (base 2) to base 4.
23
What is -250 (base 12) in base 9?
-426
Convert -11 (base 6) to base 13.
-7
What is 0 (base 6) in base 11?
0
Convert 0 (base 11) to base 15.
0
What is -2 (base 12) in base 4?
-2
Convert 1 (base 12) to base 4.
1
Convert 22 (base 8) to base 9.
20
0 (base 5) to base 12
0
25 (base 6) to base 11
16
Convert -26 (base 11) to base 5.
-103
Convert 11 (base 3) to base 14.
4
What is 1211 (base 3) in base 13?
3a
What is f8 (base 16) in base 4?
3320
Convert 69 (base 12) to base 9.
100
What is -40 (base 8) in base 12?
-28
21221 (base 3) to base 7
424
What is 9 (base 16) in base 15?
9
Convert -5 (base 8) to base 12.
-5
What is -222 (base 3) in base 11?
-24
Convert 183 (base 12) to base 8.
363
1 (base 13) to base 9
1
Convert -5 (base 7) to base 4.
-11
11 (base 6) to base 3
21
What is 10010 (base 2) in base 15?
13
Convert 1 (base 5) to base 15.
1
224 (base 9) to base 12
134
Convert 55 (base 14) to base 4.
1023
What is -1311 (base 4) in base 16?
-75
Convert 2 (base 12) to base 7.
2
Convert 15 (base 7) to base 12.
10
What is -32 (base 13) in base 8?
-51
101 (base 2) to base 15
5
Convert 3 (base 14) to base 11.
3
What is -105 (base 7) in base 2?
-110110
What is -12 (base 7) in base 16?
-9
What is 16 (base 7) in base 13?
10
What is -a (base 16) in base 13?
-a
What is -10 (base 6) in base 7?
-6
Convert -2 (base 11) to base 4.
-2
22 (base 12) to base 6
42
-101101 (base 2) to base 3
-1200
Convert -1 (base 16) to base 13.
-1
-1025 (base 6) to base 15
-108
-2 (base 16) to base 4
-2
Convert 11 (base 10) to base 3.
102
What is 0 (base 11) in base 10?
0
Convert -13 (base 13) to base 3.
-121
Convert 1000101 (base 2) to base 16.
45
-10 (base 16) to base 4
-100
42 (base 11) to base 12
3a
-138 (base 13) to base 11
-187
-11 (base 8) to base 4
-21
Convert 2 (base 7) to base 3.
2
Convert -13 (base 14) to base 3.
-122
e (base 15) to base 16
e
Convert 221 (base 7) to base 8.
161
2 (base 9) to base 11
2
2 (base 3) to base 9
2
What is 101 (base 4) in base 14?
13
104 (base 7) to base 5
203
40 (base 13) to base 6
124
What is -146 (base 9) in base 15?
-83
What is -2 (base 14) in base 7?
-2
What is -4 (base 10) in base 16?
-4
Convert 108 (base 9) to base 14.
65
What is -9 (base 16) in base 12?
-9
Convert -26 (base 10) to base 6.
-42
What is a (base 16) in base 9?
11
What is -1 (base 11) in base 2?
-1
Convert 182 (base 13) to base 14.
159
6 (base 15) to base 11
6
What is 222 (base 3) in base 4?
122
42 (base 7) to base 4
132
Convert -3 (base 5) to base 11.
-3
What is -110 (base 5) in base 6?
-50
Convert -23 (base 8) to base 16.
-13
Convert 4b (base 15) to base 10.
71
-2 (base 4) to base 2
-10
What is 166 (base 11) in base 12?
141
100 (base 3) to base 13
9
320 (base 4) to base 14
40
Convert 4 (base 12) to base 13.
4
-6 (base 14) to base 5
-11
10102 (base 3) to base 11
84
Convert -1a (base 11) to base 6.
-33
What is -2000 (base 4) in base 14?
-92
-2 (base 6) to base 15
-2
What is 2 (base 14) in base 12?
2
What is -101 (base 2) in base 9?
-5
Convert -26 (base 13) to base 9.
-35
What is 0 (base 3) in base 7?
0
What is -3 (base 13) in base 7?
-3
9 (base 15) to base 6
13
10 (base 13) to base 15
d
0 (base 14) to base 4
0
What is -12 (base 6) in base 11?
-8
What is 11 (base 7) in base 10?
8
0 (base 10) to base 13
0
0 (base 11) to base 13
0
Convert 1000 (base 2) to base 13.
8
What is 131 (base 4) in base 7?
41
Convert 1 (base 8) to base 6.
1
7 (base 13) to base 7
10
Convert -51 (base 11) to base 13.
-44
Convert -102 (base 3) to base 12.
-b
35 (base 14) to base 6
115
What is 3 (base 14) in base 2?
11
Convert -a (base 15) to base 8.
-12
-1 (base 13) to base 6
-1
What is -5 (base 9) in base 5?
-10
What is 2 (base 3) in base 5?
2
What is -26a (base 12) in base 14?
-1c6
Convert 42 (base 5) to base 2.
10110
What is -2333 (base 4) in base 2?
-10111111
-10211 (base 3) to base 12
-87
77 (base 9) to base 16
46
Convert -7 (base 14) to base 7.
-10
What is 11111111 (base 2) in base 5?
2010
0 (base 11) to base 3
0
Convert -6 (base 9) to base 12.
-6
214 (base 7) to base 5
414
What is 181 (base 9) in base 6?
414
What is -110 (base 2) in base 10?
-6
What is 0 (base 6) in base 7?
0
What is -111 (base 2) in base 6?
-11
-2 (base 4) to base 15
-2
What is -11 (base 6) in base 16?
-7
Convert 10 (base 3) to ba